at is the units digit of u?
6
Suppose -5*c = 4*q - 3057, 0 = -2*q + 2*c + 265 + 1277. What is the hundreds digit of q + (-10)/(40/12)?
7
What is the ten thousands digit of (1308/(-10))/(264/(-28380))?
1
Let d = -4446 - -5012. What is the tens digit of d?
6
What is the thousands digit of 8/(2/(-2)) + 6046?
6
Let z(p) be the third derivative of 13*p**4/24 + p**3/2 + 155*p**2. Let q = -6 - -8. What is the units digit of z(q)?
9
Let y(j) = 5*j + 296. Let c be y(0). Suppose 5*z - c = 289. What is the hundreds digit of z?
1
Suppose -16 + 95 = k. Suppose -5*y - 3*y + 24 = 0. Suppose 4*v - 2*m - 275 + k = 0, 3*m + 153 = y*v. What is the units digit of v?
7
Suppose 70 = 4*h + 58. Suppose 4*l + h*a - 904 = -0*l, 2*l = a + 452. What is the hundreds digit of l?
2
Let r be (-1 + (4 - (-100)/12))*81. Suppose -w + 6*w - 25 = 0. Suppose -r = -w*c - c. What is the hundreds digit of c?
1
Let q be (-10 - -1)*3/((-9)/(-2)). Let i be 3*(-2)/q - (-4 + 0). Suppose -o + 304 = 3*g + 31, -5*o = -i*g + 455. What is the tens digit of g?
9
Let q(s) = 41*s**3 - 13*s**2 - 36*s + 39. What is the thousands digit of q(7)?
3
What is the hundreds digit of 1 + (-2)/5 - (-360122)/2030?
1
Suppose 3*i - 27 - 42 = 0. Suppose -2*j + 174 + i = 3*x, -2*x = 3*j - 298. What is the hundreds digit of j?
1
Suppose 0 = 3*v - 4*v - 2. Let d be 22/26 + v/(-13). What is the units digit of ((-22)/(-5))/(d/5)?
2
Suppose 14*h = 6*h + 20992. Suppose h = 2*f + r, -3*f - 5*r + 4019 = 90. What is the tens digit of f?
1
Let u = 7 + -4. Let z be 47/(-188)*(-20)/1. Suppose -o - 5*l = -z*o + 67, u = -l. What is the units digit of o?
3
Let i = -257 - -283. Suppose i*j - 34*j = -40. What is the units digit of j?
5
Suppose -3*t + 2*y - 3*y = -58572, -y = -4*t + 78082. What is the tens digit of t?
2
Let s(a) = 40*a - 44. Let m be s(20). Let r = m + -338. What is the units digit of r?
8
Let f = 134 - 108. What is the hundreds digit of 12129/f - (-12)/(-8)?
4
Suppose -3*q - 9330 + 36429 = -4*i, -2*q = 4*i - 18086. What is the thousands digit of q?
9
Suppose -2*m + 5*o + 1853 = 0, -28*o = -30*o - 10. What is the hundreds digit of m?
9
Let x = -39422 + 72547. What is the ten thousands digit of x?
3
Let l(z) = 11*z**2 + 37*z - 21. What is the units digit of l(27)?
7
Let f(s) = -s**3 - 4*s**2 + 3*s - 8. Let h be f(-5). Suppose h*l + 3*a = -2*a + 23, 0 = 3*l - 2*a - 63. Let i = l - -10. What is the units digit of i?
9
Let k be 2/(-1) + 2 + 4. Suppose -2136 = -3*z - 2*a, -3*z + 2868 = z - k*a. Suppose z = -3*o + 9*o. What is the units digit of o?
9
Let h(f) = -9*f + 4. Suppose 39 - 123 = 2*z. Let r = z + 38. What is the units digit of h(r)?
0
Let n(m) = -m**2 + 3*m**2 + 50*m + 3 + 3 + 5. What is the tens digit of n(17)?
3
Let l = 3192 + 1070. What is the units digit of l?
2
Suppose 143 - 327 = 23*o. What is the thousands digit of 1448*1 - 21/28*o?
1
Let a(h) = 2*h**3 + 2*h + 3. Let o be a(-2). Let c = 116 + o. What is the tens digit of c?
9
Let z be -2*(-3 - -2)/(-2). What is the units digit of (-24)/16 + ((-2133)/(-6) - z)?
5
Suppose -2*y = 4*c - 46 - 22, 99 = 3*y + 3*c. What is the tens digit of (-5)/(-10)*16*y?
5
Suppose 0 = 231*s - 9551312 - 4996606. What is the hundreds digit of s?
9
Let t = 47925 - 19384. What is the units digit of t?
1
Suppose 0 = -0*l + 5*l - 2545. Suppose 2*t + 620 = -4*h, -5*t + 18*h - 23*h - 1555 = 0. Let y = t + l. What is the hundreds digit of y?
1
Let l(g) = 72*g**2 + 13*g - 24. Let u be l(2). Let p = 886 - u. What is the units digit of p?
6
Let k(v) = -3*v**3 + 22*v - 8. Let b be k(-5). Let s = b - -681. What is the hundreds digit of s?
9
What is the tens digit of -1 + (-51)/(-68) + (-3 - (-492610)/8)?
7
Suppose -100836 = -4*i - 2*g, -680*i = -685*i - 3*g + 126043. What is the ten thousands digit of i?
2
Suppose 53777 = -5*u - 3*n + 159089, -n = 1. What is the ten thousands digit of u?
2
Suppose 141753 = 5*m + 4*a, -14*m + 28368 = -13*m - 5*a. What is the hundreds digit of m?
3
Let n = 22 - 10. Suppose -7 = 11*t - n*t. Suppose -2*k + 2*y = -t*k + 759, 0 = -5*y - 15. What is the units digit of k?
3
Let o(s) = 2075*s - 2106. What is the thousands digit of o(6)?
0
Let z(g) = g**3 - 12*g**2 + 13*g - 16. Let j be z(11). Suppose 4*c - 2 - j = 0. Suppose 3*v + 2*v - 305 = -5*u, -v + c*u = -55. What is the units digit of v?
9
Suppose 92*g - 169*g + 5145371 = 0. What is the units digit of g?
3
Suppose 0 = 4*y - 6*o - 83722 - 215896, 4*y + o - 299639 = 0. What is the hundreds digit of y?
9
Let k = 106397 + -68560. What is the thousands digit of k?
7
Let i = -11 - 7. Let a(c) = 8*c**2 - 34*c - 6. Let h(p) = 3*p**2 - 17*p - 2. Let g(j) = 2*a(j) - 5*h(j). What is the units digit of g(i)?
6
Let d be ((-143061)/11)/(-3) + 4/(-22). Let w = -1323 + d. Suppose 0 = -4*n - 8*n + w. What is the units digit of n?
1
Let g(l) = -79 + 20*l + 55 + 41. Let q(z) = z - 4. Let a be q(8). What is the tens digit of g(a)?
9
Let c(a) = -36*a**3 + 51*a**2 + 428*a - 14. What is the hundreds digit of c(-9)?
5
Let k = 10 + -8. Let o be (-104)/(-1) + (-2)/2. Suppose -5*w + d + o = -d, -k*d = 5*w - 107. What is the units digit of w?
1
What is the thousands digit of -8 - (-8 - (-41643)/2)*-2*1?
1
Suppose -4*l - 17 = 3*b + 7, 3*b + 24 = -5*l. Let o = b + 42. Suppose -o - 74 = -4*y. What is the units digit of y?
7
Let f = 3079 + 1293. What is the tens digit of f?
7
What is the units digit of 2118840/1960*-14*(-28)/6?
8
Suppose 4*p + 2*h - 8581 = 19615, 0 = 3*p + h - 21144. What is the tens digit of p?
4
Suppose -5*n + 6 = -3*z, 0*z + 2*z = -3*n + 15. Suppose -n*h - 934 = -f, f - 962 = -14*h + 10*h. What is the tens digit of f?
4
Suppose -b - 2*s + 118 = -6*b, -3*b = -s + 71. What is the tens digit of (0 - (-4 - b)/4) + 942?
3
Let h be 2*(1/(-4) - 10/(-8)). Suppose -h = r - 187. What is the units digit of r?
5
Let o(k) = -k**2 + 86*k + 38. Let d = 401 + -374. What is the units digit of o(d)?
1
Let h = 217 - 395. Let q = h + 367. What is the tens digit of q?
8
Suppose 0 = -b - o + 79 + 483, 0 = -5*b + 5*o + 2860. What is the hundreds digit of b?
5
Suppose 2*p = 4*t + 2*t + 33950, 2*p - 33946 = 2*t. What is the ten thousands digit of p?
1
Suppose 8*u - 14 = 10*u, 54535 = 3*y - u. What is the ten thousands digit of y?
1
Let h(v) = -104*v + 33. Suppose 0 = -4*r - 29 + 13. What is the hundreds digit of h(r)?
4
Let x(h) = 38*h**2 - 39*h + 205. What is the hundreds digit of x(12)?
2
Let r(f) = -f**3 + f**2 - f. Let i(n) = -7*n**2 + 65*n - 71*n + 22*n**2 - 14 - 5*n**3. Let t(z) = i(z) - 6*r(z). What is the tens digit of t(-8)?
5
Suppose 2*w + 40 = -2*s, -185 + 64 = 5*w - 2*s. Let l = 1147 - 1220. Let r = w - l. What is the tens digit of r?
5
Let y = 14244 - -11341. What is the thousands digit of y?
5
Suppose 0 = -16*j + 13*j - 5*g - 435, 3*j + 429 = -3*g. Let n = j - -931. What is the units digit of n?
1
Let h be 4/(-10)*(96/12 + -3). What is the hundreds digit of 666*h/(-2) - 2?
6
Let w(l) be the third derivative of l**5/10 - 7*l**3/6 + l**2 + 50*l. What is the tens digit of w(-2)?
1
Let x = -227 - -268. Suppose 0 = 38*g - x*g + 4305. What is the hundreds digit of g?
4
Let z(f) = -70*f**2 + 5 + 4*f - 57*f**2 + 159*f**2. What is the units digit of z(-3)?
1
Let u be (1 - -2)/((-3)/(-2)). Suppose -12 = 4*r - 4*j, -r - u*j + 14 = -4*r. Let g(p) = 2*p**3 + 15*p**2 - 8*p + 4. What is the units digit of g(r)?
4
Suppose -259398 = -41*h + 1110658. What is the thousands digit of h?
3
Suppose -2*d + 5*j = -13607, -14*d + 13*d = 5*j - 6841. What is the thousands digit of d?
6
Let c be 12*(-14)/(-28) - 34*1. Let q(m) = -m**3 - 2*m**2 - 4*m + 7. Let o be q(-5). Let s = o + c. What is the units digit of s?
4
Let s = 153 + -149. Let n(a) = 4*a**3 - 6*a**2 + 2. Let t be n(5). Suppose -4*d = -l - 336, -2*l - l = s*d - t. What is the tens digit of d?
8
Let c(j) = j**3 + 15*j**2 - 28*j + 25. Suppose -5*l - 69 = -t, 4*t = 3*l + 45 - 7. What is the tens digit of c(l)?
1
Suppose 2*n - 11*n = 252. Let d be (-6)/(-21) - (-2528)/n. What is the units digit of d/40*200/(-3)?
0
Let s(j) = j**3 - 6*j**2 + 6. Let v be s(6). Let b(l) be the second derivative of 8*l**3/3 - 6*l**2 + 2*l - 2. What is the units digit of b(v)?
4
Let h be -2 - -3 - (22 - 1). Let s be h*((-8)/6)/((-1)/(-3)). Suppose 2*l - 26 = s. What is the units digit of l?
3
Suppose -37 - 27 = -16*r.